 186 a factor of 8820120?
True
Is 2985107 a multiple of 24?
False
Is 294 a factor of 2048499?
False
Is 1370264 a multiple of 432?
False
Does 51 divide 483894?
False
Is 6 a factor of 3153432?
True
Does 15 divide 2081559?
False
Is 252768 a multiple of 24?
True
Is 20108284 a multiple of 1407?
False
Is 653587 a multiple of 51?
False
Is 7104 a multiple of 46?
False
Is 15 a factor of 198030?
True
Is 178500 a multiple of 210?
True
Is 730660 a multiple of 68?
True
Is 42899 a multiple of 4?
False
Does 2 divide 51394?
True
Does 219 divide 836256?
False
Is 172980 a multiple of 15?
True
Is 15284374 a multiple of 49?
True
Is 1166891 a multiple of 14?
False
Does 422 divide 1160970?
False
Does 4 divide 18411?
False
Is 67 a factor of 132325?
True
Is 1011315 a multiple of 752?
False
Does 10 divide 131750?
True
Is 21 a factor of 488166?
True
Is 83 a factor of 689896?
True
Is 98140 a multiple of 142?
False
Is 143 a factor of 2017158?
True
Is 71 a factor of 1528275?
True
Does 1137 divide 475233?
False
Does 11 divide 832669?
False
Is 43 a factor of 553370?
False
Is 7 a factor of 731355?
False
Is 432326 a multiple of 14?
False
Does 355 divide 2465120?
True
Does 7 divide 103214?
False
Does 14 divide 112266?
True
Does 130 divide 291330?
True
Is 765 a factor of 20719260?
True
Is 318892 a multiple of 7?
True
Does 5 divide 1883935?
True
Does 10 divide 208953?
False
Is 139539 a multiple of 241?
True
Is 682993 a multiple of 1387?
False
Is 1279602 a multiple of 35?
False
Is 13 a factor of 670464?
False
Is 12 a factor of 2964?
True
Is 13 a factor of 11075?
False
Is 881 a factor of 1729403?
True
Is 3336619 a multiple of 5?
False
Is 24 a factor of 2895720?
True
Is 1748 a factor of 5614576?
True
Is 189523 even?
False
Does 644 divide 3322757?
False
Is 104 a factor of 1295216?
True
Does 3 divide 1283537?
False
Is 45288 a multiple of 6?
True
Does 23 divide 9506797?
True
Does 50 divide 1283250?
True
Does 46 divide 445696?
False
Is 110252 even?
True
Is 22 a factor of 1606?
True
Is 967365 a multiple of 1295?
True
Does 126 divide 1243931?
False
Is 11 a factor of 2240117?
True
Is 38460 a multiple of 5?
True
Is 11 a factor of 4599924?
False
Is 56658 a multiple of 14?
True
Is 219 a factor of 41046513?
True
Is 255088 a multiple of 181?
False
Is 10 a factor of 1331060?
True
Does 31 divide 16768?
False
Is 808 a factor of 18234944?
True
Is 38 a factor of 3024192?
True
Does 254 divide 332486?
True
Does 46 divide 30314?
True
Does 5 divide 1082874?
False
Is 8 a factor of 174608?
True
Does 11 divide 98846?
True
Is 588107 a multiple of 69?
False
Is 16 a factor of 2522?
False
Is 11 a factor of 4170791?
False
Does 4 divide 30836?
True
Is 161 a factor of 70088?
False
Is 525192 a multiple of 316?
True
Does 537 divide 1600260?
True
Is 873 a factor of 745064?
False
Is 1761150 a multiple of 59?
True
Is 191 a factor of 2381926?
False
Is 94 a factor of 44919?
False
Does 898 divide 6570666?
True
Is 200438 a multiple of 14?
True
Is 5 a factor of 4619742?
False
Does 150 divide 486184?
False
Is 58 a factor of 349798?
True
Does 88 divide 334130?
False
Does 151 divide 3184137?
True
Is 336 a factor of 9917040?
True
Does 64 divide 383733?
False
Does 580 divide 4672188?
False
Is 9246 a multiple of 10?
False
Is 12 a factor of 2575056?
True
Is 262406 a multiple of 26?
False
Is 96 a factor of 320187?
False
Is 584 a factor of 121472?
True
Is 220 a factor of 145640?
True
Is 4107077 a multiple of 164?
False
Is 1026 a factor of 561632?
False
Does 920 divide 350520?
True
Is 5328232 a multiple of 1126?
True
Is 15300 a multiple of 85?
True
Is 70 a factor of 159880?
True
Is 253288 a multiple of 8?
True
Is 251723 a multiple of 22?
False
Is 275 a factor of 245218?
False
Does 13 divide 58942?
True
Does 248 divide 66960?
True
Does 13 divide 1029860?
True
Is 85388 a multiple of 26?
False
Is 77 a factor of 426965?
True
Is 9884775 a multiple of 18?
False
Does 164 divide 43788?
True
Does 99 divide 52707?
False
Does 12 divide 1951770?
False
Is 148 a factor of 175824?
True
Is 3 a factor of 55945?
False
Is 13268497 a multiple of 26?
False
Is 96 a factor of 482440?
False
Does 18 divide 7778844?
True
Is 12 a factor of 128489?
False
Is 2843988 a multiple of 28?
True
Is 127 a factor of 4474845?
True
Is 5854800 a multiple of 210?
True
Is 11897193 a multiple of 1353?
False
Does 47 divide 84412?
True
Is 97 a factor of 4577219?
False
Is 68 a factor of 32684?
False
Is 8014 a multiple of 10?
False
Is 7 a factor of 29365?
True
Is 296638 a multiple of 2?
True
Is 1280105 a multiple of 177?
False
Does 155 divide 4095100?
True
Does 5 divide 44953?
False
Does 8 divide 8514?
False
Does 33 divide 5712828?
True
Does 150 divide 1388464?
False
Is 727 a factor of 1428555?
True
Is 1029952 a multiple of 418?
True
Does 10 divide 260760?
True
Is 27 a factor of 391716?
True
Does 30 divide 197847?
False
Is 51 a factor of 868020?
True
Is 36 a factor of 36618?
False
Is 183753 a multiple of 8?
False
Does 264 divide 12194952?
True
Does 3 divide 173418?
True
Does 30 divide 143462?
False
Is 4620083 a multiple of 13?
True
Is 98570 a multiple of 157?
False
Does 385 divide 3137864?
False
Is 7385231 a multiple of 161?
True
Is 63 a factor of 164997?
True
Does 51 divide 1209561?
False
Does 372 divide 5023860?
True
Does 2591 divide 4375311?
False
Is 40287420 a multiple of 30?
True
Is 142445 a multiple of 50?
False
Does 563 divide 735278?
True
Does 762 divide 6746748?
True
Is 20 a factor of 11578620?
True
Is 7482984 a multiple of 12?
True
Is 410637 a multiple of 48?
False
Is 801388 a multiple of 718?
False
Is 176594 a multiple of 8?
False
Is 11 a factor of 2060466?
False
Is 129 a factor of 232974?
True
Does 8 divide 92752?
True
Is 141164 a multiple of 33?
False
Is 7 a factor of 2047004?
False
Is 77528 a multiple of 11?
True
Is 99 a factor of 1917076?
False
Does 10 divide 18320?
True
Is 723833 a multiple of 23?
True
Does 57 divide 157519?
False
Is 20822 a multiple of 17?
False
Is 3 a factor of 1100859?
True
Does 11 divide 5710218?
False
Is 887623 a multiple of 1069?
False
Is 5247037 a multiple of 566?
False
Is 11669502 a multiple of 1066?
True
Is 12 a factor of 1595928?
True
Is 4677595 a multiple of 67?
False
Is 34 a factor of 172550?
True
Does 7 divide 59080?
True
Is 463691 a multiple of 101?
True
Is 62443 a multiple of 28?
False
Does 11 divide 123108?
False
Is 72 a factor of 261472?
False
Does 448 divide 1177344?
True
Is 661 a factor of 780641?
True
Is 71 a factor of 3751924?
True
Is 861518 a multiple of 14?
True
Is 20589809 a multiple of 13?
False
Does 91 divide 234319?
False
Does 2 divide 427380?
True
Is 296 a factor of 906056?
True
Does 27 divide 205922?
False
Is 53 a factor of 189131?
False
Does 128 divide 121856?
True
Is 284 a factor of 1110270?
False
Does 25 divide 1718368?
False
Does 114 divide 2166798?
True
Is 30001620 a multiple of 44?
True
Is 66 a factor of 4852616?
False
Does 4 divide 10299?
False
Does 13 divide 13190424?
True
Is 151 a factor of 811361?
False
Is 305 a factor of 65270?
True
Is 112759 a multiple of 258?
False
Does 3 divide 373106?
False
Does 177 divide 85137?
True
Does 13 divide 395494?
False
Is 2916867 a multiple of 315?
False
Is 9 a factor of 97780?
False
Is 838992 a multiple of 176?
True
Is 19 a factor of 36423?
True
Does 14 divide 60431?
False
Does 3 divide 1809576?
True
Does 3 divide 23670?
True
Is 24 a factor of 862641?
False
Is 30198127 a multiple of 37?
False
Does 193 divide 604090?
True
Is 63 a factor of 1668492?
True
Does 78 divide 1376?
False
Does 14 divide 107292?
False
Is 177988 a multiple of 148?
False
Is 8860418 a multiple of 126?
False
Is 23 a factor of 32765524?
True
Is 32 a factor of 1755341?
False
Is 362221 a multiple of 196?
False
Is 3238932 a multiple of 86?
True
Does 1024 divide 9387008?
True
Is 208 a factor of 3535792?
True
Is 345 a factor of 3400320?
True
Is 2 a factor of 8956?
True
Is 93 a factor of 199764?
True
Is 71520 a multiple of 30?
True
Does 64 divide 165696?
True
Is 26 a factor of 804318?
False
Is 395 a factor of 57670?
True
Is 298 a factor of 2390095?
False
Does 4 divide 470027?
False
Does 111 divide 101010?
True
Does 16 divide 3703079?
False
Does 33 divide 610902?
False
Does 47 divide 7279714?
False
Is 787176 a multiple of 117?
True
Is 409934 a multiple of 49?
True
Is 840 a factor of 2069760?
True
Does 39 divi